{"id":191,"date":"2019-10-23T18:43:38","date_gmt":"2019-10-23T18:43:38","guid":{"rendered":"https:\/\/rar.taborniki.si\/?page_id=191"},"modified":"2023-05-29T10:47:53","modified_gmt":"2023-05-29T10:47:53","slug":"prijave","status":"publish","type":"page","link":"https:\/\/rar.taborniki.si\/index.php\/prijave\/","title":{"rendered":"Prijave"},"content":{"rendered":"<p>Spodaj so prikazane akcije, na katere se tekom leta lahko prijavite. Ko bodo prijave odprte vas bo klik na izbrano akcijo preusmeril na prijavno stran. Prijave pred za\u010detkom kot tudi po koncu prijav niso mogo\u010de. V primeru da akcije, na katero \u017eelite prijaviti otroka ni na spodnjem seznamu, potem se obrnite na vodnika oziroma organizatorja akcije.<\/p>\n<p><a href=\"https:\/\/forms.gle\/nT8vfV9JSUfHQEYF9\" target=\"_blank\" rel=\"noopener\"><br \/>\n<img fetchpriority=\"high\" decoding=\"async\" src=\"https:\/\/rar.taborniki.si\/wp-content\/uploads\/2019\/10\/PSX_20191031_201623-300x225.jpg\" sizes=\"(max-width: 300px) 100vw, 300px\" srcset=\"https:\/\/i1.wp.com\/rar.taborniki.si\/wp-content\/uploads\/2019\/10\/PSX_20191031_201623.jpg?resize=300%2C225&amp;ssl=1 300w, https:\/\/i1.wp.com\/rar.taborniki.si\/wp-content\/uploads\/2019\/10\/PSX_20191031_201623.jpg?resize=768%2C576&amp;ssl=1 768w, https:\/\/i1.wp.com\/rar.taborniki.si\/wp-content\/uploads\/2019\/10\/PSX_20191031_201623.jpg?resize=1024%2C768&amp;ssl=1 1024w, https:\/\/i1.wp.com\/rar.taborniki.si\/wp-content\/uploads\/2019\/10\/PSX_20191031_201623.jpg?w=1600&amp;ssl=1 1600w, https:\/\/i1.wp.com\/rar.taborniki.si\/wp-content\/uploads\/2019\/10\/PSX_20191031_201623.jpg?w=2400&amp;ssl=1 2400w\" alt=\"\" width=\"300\" height=\"225\" \/> <\/a><br \/>\n<img decoding=\"async\" src=\"https:\/\/rar.taborniki.si\/wp-content\/uploads\/2019\/10\/PSX_20191031_202506-300x225.jpg\" sizes=\"(max-width: 300px) 100vw, 300px\" srcset=\"https:\/\/i1.wp.com\/rar.taborniki.si\/wp-content\/uploads\/2019\/10\/PSX_20191031_202506.jpg?resize=300%2C225&amp;ssl=1 300w, https:\/\/i1.wp.com\/rar.taborniki.si\/wp-content\/uploads\/2019\/10\/PSX_20191031_202506.jpg?resize=768%2C576&amp;ssl=1 768w, https:\/\/i1.wp.com\/rar.taborniki.si\/wp-content\/uploads\/2019\/10\/PSX_20191031_202506.jpg?resize=1024%2C768&amp;ssl=1 1024w, https:\/\/i1.wp.com\/rar.taborniki.si\/wp-content\/uploads\/2019\/10\/PSX_20191031_202506.jpg?w=1600&amp;ssl=1 1600w, https:\/\/i1.wp.com\/rar.taborniki.si\/wp-content\/uploads\/2019\/10\/PSX_20191031_202506.jpg?w=2400&amp;ssl=1 2400w\" alt=\"\" width=\"300\" height=\"225\" \/><br \/>\n<a href=\"https:\/\/forms.gle\/gbX3TVjyDMK7QT7f7\"><br \/>\n<img decoding=\"async\" src=\"https:\/\/rar.taborniki.si\/wp-content\/uploads\/2019\/12\/PSX_20191218_084835-300x225.jpg\" sizes=\"(max-width: 300px) 100vw, 300px\" srcset=\"https:\/\/i2.wp.com\/rar.taborniki.si\/wp-content\/uploads\/2019\/12\/PSX_20191218_084835-scaled.jpg?resize=300%2C225&amp;ssl=1 300w, https:\/\/i2.wp.com\/rar.taborniki.si\/wp-content\/uploads\/2019\/12\/PSX_20191218_084835-scaled.jpg?resize=1024%2C768&amp;ssl=1 1024w, https:\/\/i2.wp.com\/rar.taborniki.si\/wp-content\/uploads\/2019\/12\/PSX_20191218_084835-scaled.jpg?resize=768%2C576&amp;ssl=1 768w, https:\/\/i2.wp.com\/rar.taborniki.si\/wp-content\/uploads\/2019\/12\/PSX_20191218_084835-scaled.jpg?resize=1536%2C1151&amp;ssl=1 1536w, https:\/\/i2.wp.com\/rar.taborniki.si\/wp-content\/uploads\/2019\/12\/PSX_20191218_084835-scaled.jpg?resize=2048%2C1535&amp;ssl=1 2048w, https:\/\/i2.wp.com\/rar.taborniki.si\/wp-content\/uploads\/2019\/12\/PSX_20191218_084835-scaled.jpg?w=1600&amp;ssl=1 1600w, https:\/\/i2.wp.com\/rar.taborniki.si\/wp-content\/uploads\/2019\/12\/PSX_20191218_084835-scaled.jpg?w=2400&amp;ssl=1 2400w\" alt=\"\" width=\"300\" height=\"225\" \/> <\/a><br \/>\n<a href=\"https:\/\/docs.google.com\/forms\/d\/10lDxJO44_VC9kBJ4BdyK_EQfT2LgWgk8iNsAbFdVJU8\/edit?usp=drivesdk\"><br \/>\n<img loading=\"lazy\" decoding=\"async\" src=\"https:\/\/rar.taborniki.si\/wp-content\/uploads\/2019\/12\/PSX_20191218_085059-300x225.jpg\" sizes=\"(max-width: 300px) 100vw, 300px\" srcset=\"https:\/\/i1.wp.com\/rar.taborniki.si\/wp-content\/uploads\/2019\/12\/PSX_20191218_085059-scaled.jpg?resize=300%2C225&amp;ssl=1 300w, https:\/\/i1.wp.com\/rar.taborniki.si\/wp-content\/uploads\/2019\/12\/PSX_20191218_085059-scaled.jpg?resize=1024%2C768&amp;ssl=1 1024w, https:\/\/i1.wp.com\/rar.taborniki.si\/wp-content\/uploads\/2019\/12\/PSX_20191218_085059-scaled.jpg?resize=768%2C576&amp;ssl=1 768w, https:\/\/i1.wp.com\/rar.taborniki.si\/wp-content\/uploads\/2019\/12\/PSX_20191218_085059-scaled.jpg?resize=1536%2C1152&amp;ssl=1 1536w, https:\/\/i1.wp.com\/rar.taborniki.si\/wp-content\/uploads\/2019\/12\/PSX_20191218_085059-scaled.jpg?resize=2048%2C1536&amp;ssl=1 2048w, https:\/\/i1.wp.com\/rar.taborniki.si\/wp-content\/uploads\/2019\/12\/PSX_20191218_085059-scaled.jpg?w=1600&amp;ssl=1 1600w, https:\/\/i1.wp.com\/rar.taborniki.si\/wp-content\/uploads\/2019\/12\/PSX_20191218_085059-scaled.jpg?w=2400&amp;ssl=1 2400w\" alt=\"\" width=\"300\" height=\"225\" \/> <\/a><br \/>\n<a href=\"https:\/\/rar.taborniki.si\/\"><br \/>\n<\/a><\/p>\n","protected":false},"excerpt":{"rendered":"<p>Spodaj so prikazane akcije, na katere se tekom leta lahko prijavite. Ko bodo prijave odprte vas bo klik na izbrano akcijo preusmeril na prijavno stran. Prijave pred za\u010detkom kot tudi po koncu prijav niso mogo\u010de. V primeru da akcije, na katero \u017eelite prijaviti otroka ni na spodnjem seznamu, potem se obrnite na vodnika oziroma organizatorja akcije.<\/p>\n","protected":false},"author":1,"featured_media":0,"parent":0,"menu_order":0,"comment_status":"closed","ping_status":"closed","template":"","meta":{"om_disable_all_campaigns":false,"_monsterinsights_skip_tracking":false,"_monsterinsights_sitenote_active":false,"_monsterinsights_sitenote_note":"","_monsterinsights_sitenote_category":0,"footnotes":""},"yoast_head":"<!-- This site is optimized with the Yoast SEO plugin v23.0 - https:\/\/yoast.com\/wordpress\/plugins\/seo\/ -->\n<title>Prijave - Ra\u0161i\u0161ki Rod<\/title>\n<meta name=\"robots\" content=\"index, follow, max-snippet:-1, max-image-preview:large, max-video-preview:-1\" \/>\n<link rel=\"canonical\" href=\"https:\/\/rar.taborniki.si\/index.php\/prijave\/\" \/>\n<meta property=\"og:locale\" content=\"en_US\" \/>\n<meta property=\"og:type\" content=\"article\" \/>\n<meta property=\"og:title\" content=\"Prijave - Ra\u0161i\u0161ki Rod\" \/>\n<meta property=\"og:description\" content=\"Spodaj so prikazane akcije, na katere se tekom leta lahko prijavite. Ko bodo prijave odprte vas bo klik na izbrano akcijo preusmeril na prijavno stran. Prijave pred za\u010detkom kot tudi po koncu prijav niso mogo\u010de. V primeru da akcije, na katero \u017eelite prijaviti otroka ni na spodnjem seznamu, potem se obrnite na vodnika oziroma organizatorja akcije.\" \/>\n<meta property=\"og:url\" content=\"https:\/\/rar.taborniki.si\/index.php\/prijave\/\" \/>\n<meta property=\"og:site_name\" content=\"Ra\u0161i\u0161ki Rod\" \/>\n<meta property=\"article:modified_time\" content=\"2023-05-29T10:47:53+00:00\" \/>\n<meta property=\"og:image\" content=\"https:\/\/rar.taborniki.si\/wp-content\/uploads\/2019\/10\/PSX_20191031_201623-300x225.jpg\" \/>\n<meta name=\"twitter:card\" content=\"summary_large_image\" \/>\n<meta name=\"twitter:label1\" content=\"Est. reading time\" \/>\n\t<meta name=\"twitter:data1\" content=\"2 minutes\" \/>\n<script type=\"application\/ld+json\" class=\"yoast-schema-graph\">{\"@context\":\"https:\/\/schema.org\",\"@graph\":[{\"@type\":\"WebPage\",\"@id\":\"https:\/\/rar.taborniki.si\/index.php\/prijave\/\",\"url\":\"https:\/\/rar.taborniki.si\/index.php\/prijave\/\",\"name\":\"Prijave - Ra\u0161i\u0161ki Rod\",\"isPartOf\":{\"@id\":\"https:\/\/rar.taborniki.si\/#website\"},\"primaryImageOfPage\":{\"@id\":\"https:\/\/rar.taborniki.si\/index.php\/prijave\/#primaryimage\"},\"image\":{\"@id\":\"https:\/\/rar.taborniki.si\/index.php\/prijave\/#primaryimage\"},\"thumbnailUrl\":\"https:\/\/rar.taborniki.si\/wp-content\/uploads\/2019\/10\/PSX_20191031_201623-300x225.jpg\",\"datePublished\":\"2019-10-23T18:43:38+00:00\",\"dateModified\":\"2023-05-29T10:47:53+00:00\",\"breadcrumb\":{\"@id\":\"https:\/\/rar.taborniki.si\/index.php\/prijave\/#breadcrumb\"},\"inLanguage\":\"en-US\",\"potentialAction\":[{\"@type\":\"ReadAction\",\"target\":[\"https:\/\/rar.taborniki.si\/index.php\/prijave\/\"]}]},{\"@type\":\"ImageObject\",\"inLanguage\":\"en-US\",\"@id\":\"https:\/\/rar.taborniki.si\/index.php\/prijave\/#primaryimage\",\"url\":\"https:\/\/rar.taborniki.si\/wp-content\/uploads\/2019\/10\/PSX_20191031_201623.jpg\",\"contentUrl\":\"https:\/\/rar.taborniki.si\/wp-content\/uploads\/2019\/10\/PSX_20191031_201623.jpg\",\"width\":4032,\"height\":3024},{\"@type\":\"BreadcrumbList\",\"@id\":\"https:\/\/rar.taborniki.si\/index.php\/prijave\/#breadcrumb\",\"itemListElement\":[{\"@type\":\"ListItem\",\"position\":1,\"name\":\"Home\",\"item\":\"https:\/\/rar.taborniki.si\/\"},{\"@type\":\"ListItem\",\"position\":2,\"name\":\"Prijave\"}]},{\"@type\":\"WebSite\",\"@id\":\"https:\/\/rar.taborniki.si\/#website\",\"url\":\"https:\/\/rar.taborniki.si\/\",\"name\":\"Ra\u0161i\u0161ki Rod\",\"description\":\"Uradna stran ra\u0161i\u0161kega rodu\",\"publisher\":{\"@id\":\"https:\/\/rar.taborniki.si\/#organization\"},\"potentialAction\":[{\"@type\":\"SearchAction\",\"target\":{\"@type\":\"EntryPoint\",\"urlTemplate\":\"https:\/\/rar.taborniki.si\/?s={search_term_string}\"},\"query-input\":\"required name=search_term_string\"}],\"inLanguage\":\"en-US\"},{\"@type\":\"Organization\",\"@id\":\"https:\/\/rar.taborniki.si\/#organization\",\"name\":\"Dru\u0161tvo tabornikov Ra\u0161i\u0161ki rod\",\"url\":\"https:\/\/rar.taborniki.si\/\",\"logo\":{\"@type\":\"ImageObject\",\"inLanguage\":\"en-US\",\"@id\":\"https:\/\/rar.taborniki.si\/#\/schema\/logo\/image\/\",\"url\":\"https:\/\/i0.wp.com\/rar.taborniki.si\/wp-content\/uploads\/2019\/10\/RaR_logo_new2-e1570213573295-1.png?fit=100%2C101&ssl=1\",\"contentUrl\":\"https:\/\/i0.wp.com\/rar.taborniki.si\/wp-content\/uploads\/2019\/10\/RaR_logo_new2-e1570213573295-1.png?fit=100%2C101&ssl=1\",\"width\":100,\"height\":101,\"caption\":\"Dru\u0161tvo tabornikov Ra\u0161i\u0161ki rod\"},\"image\":{\"@id\":\"https:\/\/rar.taborniki.si\/#\/schema\/logo\/image\/\"}}]}<\/script>\n<!-- \/ Yoast SEO plugin. -->","yoast_head_json":{"title":"Prijave - Ra\u0161i\u0161ki Rod","robots":{"index":"index","follow":"follow","max-snippet":"max-snippet:-1","max-image-preview":"max-image-preview:large","max-video-preview":"max-video-preview:-1"},"canonical":"https:\/\/rar.taborniki.si\/index.php\/prijave\/","og_locale":"en_US","og_type":"article","og_title":"Prijave - Ra\u0161i\u0161ki Rod","og_description":"Spodaj so prikazane akcije, na katere se tekom leta lahko prijavite. Ko bodo prijave odprte vas bo klik na izbrano akcijo preusmeril na prijavno stran. Prijave pred za\u010detkom kot tudi po koncu prijav niso mogo\u010de. V primeru da akcije, na katero \u017eelite prijaviti otroka ni na spodnjem seznamu, potem se obrnite na vodnika oziroma organizatorja akcije.","og_url":"https:\/\/rar.taborniki.si\/index.php\/prijave\/","og_site_name":"Ra\u0161i\u0161ki Rod","article_modified_time":"2023-05-29T10:47:53+00:00","og_image":[{"url":"https:\/\/rar.taborniki.si\/wp-content\/uploads\/2019\/10\/PSX_20191031_201623-300x225.jpg"}],"twitter_card":"summary_large_image","twitter_misc":{"Est. reading time":"2 minutes"},"schema":{"@context":"https:\/\/schema.org","@graph":[{"@type":"WebPage","@id":"https:\/\/rar.taborniki.si\/index.php\/prijave\/","url":"https:\/\/rar.taborniki.si\/index.php\/prijave\/","name":"Prijave - Ra\u0161i\u0161ki Rod","isPartOf":{"@id":"https:\/\/rar.taborniki.si\/#website"},"primaryImageOfPage":{"@id":"https:\/\/rar.taborniki.si\/index.php\/prijave\/#primaryimage"},"image":{"@id":"https:\/\/rar.taborniki.si\/index.php\/prijave\/#primaryimage"},"thumbnailUrl":"https:\/\/rar.taborniki.si\/wp-content\/uploads\/2019\/10\/PSX_20191031_201623-300x225.jpg","datePublished":"2019-10-23T18:43:38+00:00","dateModified":"2023-05-29T10:47:53+00:00","breadcrumb":{"@id":"https:\/\/rar.taborniki.si\/index.php\/prijave\/#breadcrumb"},"inLanguage":"en-US","potentialAction":[{"@type":"ReadAction","target":["https:\/\/rar.taborniki.si\/index.php\/prijave\/"]}]},{"@type":"ImageObject","inLanguage":"en-US","@id":"https:\/\/rar.taborniki.si\/index.php\/prijave\/#primaryimage","url":"https:\/\/rar.taborniki.si\/wp-content\/uploads\/2019\/10\/PSX_20191031_201623.jpg","contentUrl":"https:\/\/rar.taborniki.si\/wp-content\/uploads\/2019\/10\/PSX_20191031_201623.jpg","width":4032,"height":3024},{"@type":"BreadcrumbList","@id":"https:\/\/rar.taborniki.si\/index.php\/prijave\/#breadcrumb","itemListElement":[{"@type":"ListItem","position":1,"name":"Home","item":"https:\/\/rar.taborniki.si\/"},{"@type":"ListItem","position":2,"name":"Prijave"}]},{"@type":"WebSite","@id":"https:\/\/rar.taborniki.si\/#website","url":"https:\/\/rar.taborniki.si\/","name":"Ra\u0161i\u0161ki Rod","description":"Uradna stran ra\u0161i\u0161kega rodu","publisher":{"@id":"https:\/\/rar.taborniki.si\/#organization"},"potentialAction":[{"@type":"SearchAction","target":{"@type":"EntryPoint","urlTemplate":"https:\/\/rar.taborniki.si\/?s={search_term_string}"},"query-input":"required name=search_term_string"}],"inLanguage":"en-US"},{"@type":"Organization","@id":"https:\/\/rar.taborniki.si\/#organization","name":"Dru\u0161tvo tabornikov Ra\u0161i\u0161ki rod","url":"https:\/\/rar.taborniki.si\/","logo":{"@type":"ImageObject","inLanguage":"en-US","@id":"https:\/\/rar.taborniki.si\/#\/schema\/logo\/image\/","url":"https:\/\/i0.wp.com\/rar.taborniki.si\/wp-content\/uploads\/2019\/10\/RaR_logo_new2-e1570213573295-1.png?fit=100%2C101&ssl=1","contentUrl":"https:\/\/i0.wp.com\/rar.taborniki.si\/wp-content\/uploads\/2019\/10\/RaR_logo_new2-e1570213573295-1.png?fit=100%2C101&ssl=1","width":100,"height":101,"caption":"Dru\u0161tvo tabornikov Ra\u0161i\u0161ki rod"},"image":{"@id":"https:\/\/rar.taborniki.si\/#\/schema\/logo\/image\/"}}]}},"jetpack_sharing_enabled":true,"_links":{"self":[{"href":"https:\/\/rar.taborniki.si\/index.php\/wp-json\/wp\/v2\/pages\/191"}],"collection":[{"href":"https:\/\/rar.taborniki.si\/index.php\/wp-json\/wp\/v2\/pages"}],"about":[{"href":"https:\/\/rar.taborniki.si\/index.php\/wp-json\/wp\/v2\/types\/page"}],"author":[{"embeddable":true,"href":"https:\/\/rar.taborniki.si\/index.php\/wp-json\/wp\/v2\/users\/1"}],"replies":[{"embeddable":true,"href":"https:\/\/rar.taborniki.si\/index.php\/wp-json\/wp\/v2\/comments?post=191"}],"version-history":[{"count":20,"href":"https:\/\/rar.taborniki.si\/index.php\/wp-json\/wp\/v2\/pages\/191\/revisions"}],"predecessor-version":[{"id":555,"href":"https:\/\/rar.taborniki.si\/index.php\/wp-json\/wp\/v2\/pages\/191\/revisions\/555"}],"wp:attachment":[{"href":"https:\/\/rar.taborniki.si\/index.php\/wp-json\/wp\/v2\/media?parent=191"}],"curies":[{"name":"wp","href":"https:\/\/api.w.org\/{rel}","templated":true}]}}